e 11/88 - 718/z. Suppose 6*k = 3*k + 90. Calculate the highest common factor of d and k.
15
Suppose 5*r = -0*r. Let p be (3 + r)/(3/14). Let i(t) = -t**2 - 23*t + 470. Let d be i(13). Calculate the highest common factor of d and p.
2
Let z be (-7)/28 + (-1)/(-4). Suppose z = -3*b + 10*b - 245. Calculate the greatest common factor of 14 and b.
7
Suppose 2*t = -w - 28, 0 = w - 4*t + 5*t + 24. Let n be ((-105)/175)/((-2)/w*-1). Let h be 1 - 2 - (0 + -3). Calculate the highest common divisor of n and h.
2
Let a(x) = -x**2 - 11*x + 6. Let r = -10 + 5. Let c be a(r). Let n = -4 + 8. What is the greatest common divisor of c and n?
4
Let n be (-60 - -4)/(-7) - 0. Calculate the highest common divisor of 28 and n.
4
Let g be 6/5*(-200)/(-30). Let h(b) = b**3 + 7*b**2 - 13*b + 2. Let n be h(-10). Let t be n/(-10)*40/12. What is the highest common factor of g and t?
8
Let z(w) = -5 - 4 + 1 - w + 4. Let g be z(2). Let y be g/15 + (-1060)/(-25). Calculate the greatest common divisor of 6 and y.
6
Suppose 820 = x - 6*x. Let q = -157 - x. Calculate the highest common factor of 7 and q.
7
Let h(b) = b**3 - 4*b**2 - b + 6. Suppose 4*w + 1 = 73. Suppose 0*u + w = 3*u. Let m be h(u). Calculate the greatest common divisor of 8 and m.
8
Suppose -2*l = -2*m + 358, 0 = -4*m + 3*l + 324 + 393. What is the greatest common factor of 80 and m?
20
Let y be 1/(-6) + 49/42. Let t = 3 - -7. Calculate the highest common factor of y and t.
1
Let q be (-4 - 1)*1*-1. Suppose -3*v + 74 = -4*y, 0 = 2*v - q*v - 5*y + 56. What is the highest common divisor of v and 110?
22
Suppose 3 = 6*t - 3*t. Suppose i = -2*z - t, 3*i = -z - 4 - 4. Suppose -18*o + 114 = -8*o + 4. What is the highest common divisor of z and o?
1
Suppose -5*n + 0*n = 0. Suppose 5*v + 40 = -5*w, -5*v + n*w + 2*w - 12 = 0. Let x be v + ((-3)/1 - -14). What is the highest common factor of x and 7?
7
Let z(w) = w**3 + 12*w**2 - 3*w + 4. Let i be z(-12). Suppose 0 = 4*k - 75 - 5. What is the highest common factor of k and i?
20
Let z(s) = -215*s + 217*s + 4 + 0 - 4*s**3 - 2*s**2. Let p be (-1*6)/2 + 1. Let j be z(p). What is the greatest common factor of 48 and j?
24
Suppose 0 = t - 4 - 1. Let d(w) = -w**3 + 6*w**2 - 2*w + 7. Let z be d(t). Let q = 38 - 27. What is the greatest common divisor of z and q?
11
Let k be 119/35 + 3/5. Suppose -5*i + u = -124, -u = k*i - 3*u - 98. Suppose 3*z - i + 1 = 0. What is the greatest common factor of z and 72?
8
Let f = 6 - 2. Suppose 3*s + 5*h = 44, -5*h + 12 = -f*s + 3*s. Let l be s/6*(3 - -6). Calculate the highest common divisor of l and 8.
4
Let k(u) = -u**3 + 9*u**2 + 6*u - 29. Let g be k(9). Let m = -2 + 58. Let x = m + -6. Calculate the greatest common factor of g and x.
25
Let l(o) = o**2 - 10*o - 4. Let p be l(10). Let h be (-3)/6*(-10 - p). What is the highest common divisor of h and 9?
3
Let d = -6 + 31. Let c = -16 + d. Suppose 27 - 96 = -f + 5*l, c = -3*l. What is the greatest common divisor of f and 36?
18
Let z(v) = -v + 1. Let b be z(-3). Suppose 1 - 9 = -b*t. Let m be t/(-4) + (-69)/(-6). Calculate the greatest common divisor of m and 11.
11
Let g = -216 + 55. Let i = g + 326. Calculate the greatest common factor of i and 15.
15
Let x(s) = -2*s**3 - 7*s**2 - 6*s + 5. Let h be x(-5). Let f(a) = 16*a - 38. Let r be f(3). What is the greatest common divisor of h and r?
10
Suppose -322 = -14*x + 210. What is the highest common factor of 57 and x?
19
Let b(f) = -f**3 - 25*f**2 + 47*f - 28. Let i be b(-27). What is the greatest common divisor of 7 and i?
7
Suppose -4*c = -0*x + 3*x - 86, 5*c + 94 = 4*x. Suppose 0*h = -4*h - 24. Let f be (h/(-8))/((-3)/(-156)). What is the highest common divisor of x and f?
13
Let r(o) = -o**3 - 17*o**2 + 4*o - 35. Let n be r(-18). Calculate the greatest common factor of n and 31.
31
Suppose -5*t = -2*s - 26, -5*t - 2*s = 7 - 41. Suppose -t*h = -27 + 3. What is the greatest common factor of h and 4?
4
Let s = 1206 - 330. Calculate the highest common divisor of s and 12.
12
Let v be -10*1/2*-1. Let h = -141 - -56. Let g be (-10)/(4 + h/20). Calculate the highest common factor of g and v.
5
Let p(k) be the second derivative of -k**4/12 - k**3/2 + k**2 - 4*k. Let c be p(-2). Let a be 8 + (0 - c) - -2. What is the greatest common factor of 6 and a?
6
Suppose -59*c = -12*c - 1786. Calculate the greatest common divisor of c and 513.
19
Let f = 52 - 52. Let d be (-12 - f - 0)*15/(-30). Suppose -4*g + 96 = -5*z, 2*z + 82 = 3*g + 10. What is the greatest common divisor of g and d?
6
Suppose q + 4 - 7 = 0, 0 = 5*k + 4*q + 28. Let b(t) = t**3 + 8*t**2 - 4*t + 10. Let y be b(k). What is the greatest common factor of 105 and y?
21
Let y(l) = -3*l**2 - 26*l - 6. Let u be y(-5). Calculate the greatest common divisor of 7 and u.
7
Let l = 369 - 357. What is the greatest common divisor of 276 and l?
12
Suppose 4*p = 3*q + 71, 3*p + q - 52 = 2*q. Let f be 2/(183/255 - (-3)/(-5)). Calculate the greatest common divisor of p and f.
17
Let t = -127 - -87. Let z = -15 - t. Calculate the greatest common divisor of 5 and z.
5
Let n be 4/(-6) - (-104)/(-6). Let p = n + 14. Let i = -1 - p. Calculate the greatest common factor of 3 and i.
3
Suppose 0*c - 1398 = 4*n + 2*c, -3*n - 3*c = 1056. Let i = -116 - n. Calculate the highest common divisor of i and 33.
33
Let x be 0/4 + (-51)/(-2)*14. Let v be (9/12)/(x/(-180) + 2). What is the highest common divisor of v and 9?
9
Let a be (10/15)/(2/15). Suppose a*g = -0*g + 320. What is the greatest common divisor of g and 8?
8
Let c(b) = 3*b**2 - 2*b + 2. Let f be c(1). Let m be f/2 + (-942)/(-12). Calculate the greatest common divisor of m and 32.
16
Let h be 2/((-18)/(-15))*54. Let w = -42 + 44. Suppose 45 = 2*l - 5*m, -5*l - w*m + h = -7*m. What is the greatest common factor of l and 6?
3
Let y = -2285 + 2312. What is the greatest common factor of y and 288?
9
Let b = 8 - 3. Suppose c + 2 = -4*r, 2*c - 1 = -6*r + 3*r. Suppose 37 = 4*o + c*h - 3*h, 2*h - 56 = -b*o. What is the highest common divisor of o and 10?
10
Let c be 2 - 12/(-8)*2. Let p be (1 + 2)*(c + -4). Suppose 4*l - 2*l = -h + 16, h = -p*l + 18. Calculate the greatest common factor of h and 3.
3
Let v(j) = 2*j**2 + 5*j + 2088. Let r be v(0). Calculate the highest common divisor of 36 and r.
36
Let i(r) = r**2 + 15*r + 4. Let x be 4*((-93)/12 + 4). Let o be i(x). Calculate the highest common divisor of 14 and o.
2
Let d = -701 + 783. Calculate the greatest common divisor of 779 and d.
41
Let m be 240/7 + (-4)/14. Let z = 1454 - 1403. Calculate the greatest common factor of m and z.
17
Suppose 27*o = g + 28*o + 21, 84 = -4*g - 2*o. Let p = -1 - 2. Let h be p/7 - 30/g. What is the highest common divisor of 1 and h?
1
Suppose 7 = y - 4*x - 8, 0 = 2*y + 2*x. Suppose -2*l + 62 = -l - 4*f, -3*f = y*l - 216. Suppose 8*w - 3*w = l. What is the greatest common divisor of w and 154?
14
Let i be -4 + (-3910)/(-25) + 2/(-5). Let n = -5 - -24. What is the greatest common divisor of n and i?
19
Suppose -60*g + 21485 = 2165. Calculate the highest common divisor of 184 and g.
46
Suppose -2*m + 916 = u - 143, -3*m + 1586 = u. What is the greatest common divisor of 31 and m?
31
Let t be (-18)/((-4)/(-86)*-1). Suppose -96*w + 40*w = 54*w - 4730. What is the greatest common divisor of w and t?
43
Suppose 156 = -5*y - 2*q, -6*y + 3*y - 96 = 2*q. Let b be 1316/6 - 20/y. Calculate the greatest common factor of 20 and b.
20
Suppose -g + 4*c - 1 = 5*c, 30 = 5*g - 2*c. Suppose -4*i = -4*h + 40, -10*i = 3*h - 5*i - 62. Calculate the greatest common factor of h and g.
2
Let v be ((-130)/(-8))/1 - (-889)/508. What is the greatest common divisor of 1602 and v?
18
Let h be 1/(-4) + (-353)/(-4). Let q be -4 + 21/3 - -43. Let l = q - 35. What is the greatest common divisor of l and h?
11
Let d(m) = m. Let t = 11 - 6. Suppose 23 = 4*b - 2*z - z, -4*b + 47 = t*z. Let c be d(b). What is the greatest common factor of c and 32?
8
Let z be -6 + (-160)/(-26) + 128/13. Let v = -1 + z. What is the greatest common divisor of 6 and v?
3
Let d = 1 + 4. Suppose -20*m = 6*m - 520. Calculate the greatest common factor of m and d.
5
Suppose 0 = -3*g + 2 + 10. Suppose -2*k - 5*c + 0*c = -355, -5*k + 879 = g*c. Let a = -72 - -97. What is the highest common divisor of k and a?
25
Suppose -21 = -2*i - 3*y, -4